 of a?
3
Let q = 1596 - -1582. What is the tens digit of q?
7
Suppose 93 = 5*v + 73. Suppose -4*q - s = -69 - 4730, -s - 4801 = -v*q. What is the units digit of q?
0
Let v be 15/(-6)*-3*(-46)/(-5). Suppose -41 = -5*q + v. What is the units digit of 2592/q - (-6)/33?
8
Suppose 2*i - 103 = -c, 3*i - 206 = -4*c - 54. What is the thousands digit of (-10491)/i*(-16)/3?
1
Let w = 27284 - 18857. What is the thousands digit of w?
8
Let b(w) = -171*w - 36. Suppose 5*g = 0, 3*x + 5*g + 2 = 4*x. Let n(q) = -34*q - 7. Let d(y) = x*b(y) - 11*n(y). What is the units digit of d(3)?
1
Let i be (1 + (2 - 2)/3)*3. Let a be 6/(-5)*i*(-40)/36. Suppose -14 = a*b - 11*b. What is the units digit of b?
2
Let c = -14 + -34. Let h(f) = -f**3 - 50*f**2 - 118*f + 67. What is the hundreds digit of h(c)?
1
Suppose 2*l + 1102 = -5*f + 6284, -2076 = -2*f - 4*l. Suppose -16*c + 4540 = f. What is the units digit of c?
9
Let j(t) = 1105*t + 12988. What is the thousands digit of j(35)?
1
Let w(f) = -26*f - 33. Let g be w(4). Let h = g + 215. Suppose -5*q + h = -192. What is the units digit of q?
4
Suppose -r - 15*q = -19*q - 12956 - 131, -3*q = 0. What is the thousands digit of r?
3
Let s(o) = -1674*o + 3560. What is the ten thousands digit of s(-5)?
1
Suppose 29*n - 5*n = 0. Suppose n = 3*i - 3*o - 786, 5*o - 11*o = 30. What is the units digit of i?
7
Let r be (-4)/34 + -3974*7/238. Let p be (r/(-12))/((-1)/(-8)). Suppose 3*l - p = -s, -123 = -3*l - 2*l - 4*s. What is the units digit of l?
7
What is the hundreds digit of 129 - 130 - (-2615 + 2)?
6
Suppose 2*j - 4*g - 12 = 0, -3*j = j + 2*g - 4. Suppose -5*o + 12 = -5*k + j, 3*o - 5*k - 4 = 0. What is the tens digit of ((o/2)/3)/((-1)/(-134))?
6
Let u(m) = 3*m**2 - 27*m - 905. What is the tens digit of u(-41)?
4
Suppose -5*n - 2*w = -0*w + 515, 2*n = -4*w - 190. Let r be n/(-75) + (-2)/5. What is the tens digit of 112/(-2)*(r + -2)?
5
Suppose -6*s = 3*m + 2076 - 24075, 2*s = -5*m + 7313. What is the units digit of s?
9
Let v(r) = r**3 + 11*r**2 + 3*r - 9. Let q be v(-9). Suppose 3*j - 2 = 7. Suppose 0 = j*l - 18 - q. What is the units digit of l?
8
Let b(m) be the second derivative of -7*m**5/5 - 2*m**4/3 - 5*m**3/3 - 5*m**2 + 9*m - 2. What is the tens digit of b(-3)?
0
Let n(x) = -28*x**3 + 3*x**2 + 19*x - 15. What is the hundreds digit of n(-8)?
3
Let s(j) = 7*j**2 - 112*j + 18. Let c(y) = 4*y**2 - 55*y + 10. Let k(t) = 5*c(t) - 2*s(t). What is the hundreds digit of k(17)?
8
Let x be (4 - 1) + -7*8/(-14). Let y = x - -1065. Suppose 6*c - y - 536 = 0. What is the units digit of c?
8
Let p(g) = -6*g**3 + g**2 + 2*g + 3. Let a(h) = -13*h**3 + 3*h**2 + 5*h + 7. Let v(c) = 2*a(c) - 5*p(c). What is the tens digit of v(2)?
3
Suppose 13*y + 22*y = -234*y + 6777186. What is the hundreds digit of y?
1
Let q(f) = 62*f**3 + f**2 - 15*f + 9. Let t be q(4). Suppose -t = -19*o + 13091. What is the units digit of o?
6
Let i be 6/(-9)*(0 - 42/(-4)). Let u be -5 - ((-2)/(-6) - i/(-3)). What is the units digit of (-3)/(1/u + (-259)/(-840))?
0
Suppose 8*p - 10*p = -288. Suppose 2*n - 8*n + p = 0. Suppose -23*j + n*j - 91 = 0. What is the units digit of j?
1
Let f = 135 + -51. Let j = f + 93. What is the hundreds digit of j?
1
Let a(o) = -o**2 - 12*o + 3. Let q be a(-12). Let t = 272 - 3167. What is the units digit of q/12 + t/(-20)?
5
Let n(g) = 8*g**2 - 11*g + 26. Let k be n(4). Suppose -y + 3*b = -2*y + k, 220 = 2*y - 3*b. What is the hundreds digit of y?
1
Let j be 1/2*6/(-3). Let h = 1205 + -1210. What is the units digit of (-43)/(h/(-10)*j)?
6
Let n(d) be the third derivative of 5*d**4/24 - 4*d**3/3 - 14*d**2. Let p be n(2). What is the tens digit of 89 + p/2*-1?
8
Let q = 10 - 5. Suppose q*m = 286 + 499. Suppose 2*o + 66 - m = 5*g, -245 = -5*o - 5*g. What is the units digit of o?
8
Suppose 0 = 4*i + 3*r + 5, 0 = 48*r - 52*r + 4. Let p(a) = -594*a - 68. What is the thousands digit of p(i)?
1
Suppose -55870 = 9*s - 22*s - 17728. What is the hundreds digit of s?
9
What is the tens digit of (40/3)/((-130)/(-17004))?
4
Suppose -1273*d = -1255*d - 310032. What is the tens digit of d?
2
Suppose 82*q - 87*q - 34156 = -4*z, 0 = -2*q. What is the units digit of z?
9
What is the units digit of 44625/27 - (-11 - (-291)/27)?
3
Suppose w - 178 = 2*b + 63, 5*w = 5*b + 1195. Let x = -322 - -153. Let z = w + x. What is the tens digit of z?
6
Let y = 148 - 143. Suppose -3*g + 1197 - 233 = y*v, 4*v = 4*g - 1232. What is the units digit of g?
3
What is the tens digit of ((-2808)/780)/((-1)/2705)?
3
Let p be -266*((-2)/(-2))/2. What is the units digit of (-2052)/p*3*14?
8
Suppose k - 2*k = 0, -p + 186 = 3*k. Suppose -2*y + 26 - p = 0. Let b = -52 - y. What is the units digit of b?
8
Let u be (-3 - 6/(-3))*23. Let p(j) = -j**3 - 22*j**2 - 52*j + 10. What is the units digit of p(u)?
5
What is the thousands digit of (-278044)/(-27) - (-1)/(-27)*(-34)/17?
0
Suppose 3*v = -5*i - 0*i + 6, 2*i = 3*v - 27. Suppose v*c - 180 = 2*c. Let p = 79 - c. What is the units digit of p?
3
What is the units digit of 1134/((-4242)/(-700) + (5 - 3 - 8))?
0
What is the hundreds digit of 12099 - ((-165)/44)/(15/(-40))?
0
What is the units digit of (-33)/(-22)*136236/18?
3
Let z(o) = 78*o - 318. Let u(x) = 38*x - 159. Let d(k) = 5*u(k) - 3*z(k). What is the units digit of d(-8)?
1
Let h = 144 - 150. Let m(a) = -33*a - 13. What is the tens digit of m(h)?
8
Let h be 51/12 + (5/20)/(-1). Suppose -4*q - h*l + 176 = 0, -4*q - 2*l = -129 - 47. Let n = q - -21. What is the units digit of n?
5
Let h = 77 + -66. Suppose h*s - 235 = 6*s. What is the tens digit of s?
4
Let h(k) = k**2 + 3*k - 65. Let x be h(7). Suppose -5*r = x*p - 4475, -r - 1818 = -3*r + 5*p. What is the tens digit of r?
9
Let i(s) = 8*s - 44. Let u be i(6). Suppose 3*h - 301 = -4*p, u*p + 267 + 192 = 5*h. What is the units digit of h?
5
Suppose -25*i + 44 = -81. Suppose -15 = -i*s, -2*w + 927 = -5*s - 266. What is the hundreds digit of w?
6
Suppose 4*n - 29192 = -2*q + 6*q, 3*n + 2*q = 21904. What is the thousands digit of n?
7
Suppose 0 = -44*j + 50*j. Suppose -3*r + 3*m = -0*r - 102, j = -2*r - m + 53. What is the tens digit of r?
2
Let m = -468 + 468. Suppose m = 3*d, d - 4410 = -0*q - 5*q. What is the hundreds digit of q?
8
Let l be 7 - 4 - (-28470 - 1). Suppose -33*m = -l - 7760. What is the thousands digit of m?
1
Let i(u) = -u**3 - 18*u**2 - 24*u + 4. Let g be i(-16). Let t = g + 288. What is the hundreds digit of t?
1
Let b be (-6 + 4)*-2 - 0. Suppose -3*u = 5*v - 353, 0 = 3*u - 0*u - b*v - 317. What is the units digit of u?
1
Suppose 0 = 46*d - 1814 - 1131856. What is the thousands digit of d?
4
Let r(g) = 5*g - 81. Let l be r(18). Suppose 1267 = -2*u + l*u. What is the hundreds digit of u?
1
Let h(w) be the third derivative of 13*w**4/4 - 5*w**3/6 + 5*w**2 - 3. What is the units digit of h(2)?
1
Let a(v) be the second derivative of -14*v**3/3 + 93*v**2/2 - 2*v + 8. What is the units digit of a(-9)?
5
Suppose 3*j = -3*r + 1197, 5*r - 4*j = 4*r + 399. Let g = 380 - 664. Let c = g + r. What is the units digit of c?
5
Suppose -2*j + 5263 = -2451. Let u = -2398 + j. Suppose 9*z - u - 233 = 0. What is the hundreds digit of z?
1
Let s(c) = -3*c**3 + c**2 - 2*c - 1. Let v be s(3). Let a = 113 + -260. Let z = v - a. What is the tens digit of z?
6
What is the tens digit of (-12)/10 + 2413854/270?
3
Let d = 1 - -18. Suppose 0 = 9*h - 524 - 214. Let q = d + h. What is the tens digit of q?
0
Let i = 526 - 560. What is the hundreds digit of (2 - 82/4)/(1/i)?
6
Let y(g) = 334*g - 257. What is the thousands digit of y(16)?
5
Suppose 0 = 15*p - 0*p - 35625. Let o = -1595 + p. What is the units digit of o?
0
Suppose 259110 = 39*u - 75744. What is the tens digit of u?
8
Let o = -30317 - -91561. What is the thousands digit of o?
1
Let j be -7 + 2 - -2 - 73*-25. Suppose -9*v = -12*v + r + j, 2*v = -3*r + 1233. What is the units digit of v?
9
Suppose -z + 2021 = 2*v - 861, 5*z = -v + 1441. What is the thousands digit of v?
1
Suppose 5*o - 4*i - 41 = 0, 3*o + 2*i = -1 + 8. Let q(s) = 3*s**3 - 3*s**2 - 9*s + 2. What is the hundreds digit of q(o)?
2
Let y(x) = -x**3 + 15*x**2 - 24*x - 20. Let g be y(13). What is the thousands digit of 2/(-12)*-3 - (-6291)/g?
1
Let z(j) = -j**3 + 19*j**2 + 20*j. Suppose 3 = -t + 23. Let y be z(t). Suppos